{"id":121,"date":"2025-10-24T14:41:35","date_gmt":"2025-10-24T12:41:35","guid":{"rendered":"https:\/\/heimatverein-elte.de\/?page_id=121"},"modified":"2025-10-30T13:24:39","modified_gmt":"2025-10-30T12:24:39","slug":"der-kiebitz","status":"publish","type":"page","link":"https:\/\/heimatverein-elte.de\/?page_id=121","title":{"rendered":"Der Kiebitz"},"content":{"rendered":"\n<div class=\"wp-block-media-text has-media-on-the-right is-stacked-on-mobile\" style=\"grid-template-columns:auto 30%\"><div class=\"wp-block-media-text__content\">\n<p>-kwa- Rheine-Elte.<\/p>\n\n\n\n<p>Auf den Wiesen und Feldern rund um Elte ist er derzeit wieder zu sehen, der Kiebitz. Dieser weitverbreitete aber dennoch bedrohte, Anfang des neunzehnten Jahrhunderts gab es nur noch wenige Brutpaare in Norddeutschland, etwa 30 cm gro\u00dfe Wiesenvogel ist schnell an der dunkeln Augenbinde, schwarzem Schopf, dunkler Brust und wei\u00dfer Unterseite auszumachen. Die graubraunen Fl\u00fcgel schimmern leicht gr\u00fcnlich. Der Kiebitz geh\u00f6rt zu den Regenpfeifern, die sich von Insekten, Regenw\u00fcrmern, kleinen Wirbellosen und gelegentlich Samen ern\u00e4hren. Wer sich w\u00e4hrend einer Wanderung oder Radtour durch Elte ruhig verh\u00e4lt, kann diesen gef\u00e4hrdeten Vogel mit Hilfe eines Fernglases h\u00e4ufig auf der frischen Ackerkrume \u201etrampeln\u201c sehen. Durch das Trampeln scheucht er beispielsweise Regenw\u00fcrmer auf. Die Bewegung der aufgebrachten W\u00fcrmer registriert der Kiebitz mithilfe spezieller Tastsinnesorgane in den F\u00fc\u00dfen. \u00dcbrigens, den Namen Kiebitz bekam dieser schmucke Vogel wegen seines charakteristischen Rufes \u201eki-wit ki-wit\u201c.<br><br>Text und Bild: Wamelink \/ Mai 2008<\/p>\n<\/div><figure class=\"wp-block-media-text__media\"><img loading=\"lazy\" decoding=\"async\" width=\"288\" height=\"244\" src=\"https:\/\/heimatverein-elte.de\/wp-content\/uploads\/2025\/10\/kiebitz.jpg\" alt=\"Der Kiebitz\" class=\"wp-image-246 size-full\"\/><\/figure><\/div>\n","protected":false},"excerpt":{"rendered":"<p>-kwa- Rheine-Elte. Auf den Wiesen und Feldern rund um Elte ist er derzeit wieder zu sehen, der Kiebitz. Dieser weitverbreitete [&hellip;]<\/p>\n","protected":false},"author":1,"featured_media":0,"parent":0,"menu_order":0,"comment_status":"closed","ping_status":"closed","template":"","meta":{"site-sidebar-layout":"default","site-content-layout":"","ast-site-content-layout":"default","site-content-style":"default","site-sidebar-style":"default","ast-global-header-display":"","ast-banner-title-visibility":"","ast-main-header-display":"","ast-hfb-above-header-display":"","ast-hfb-below-header-display":"","ast-hfb-mobile-header-display":"","site-post-title":"","ast-breadcrumbs-content":"","ast-featured-img":"","footer-sml-layout":"","ast-disable-related-posts":"","theme-transparent-header-meta":"","adv-header-id-meta":"","stick-header-meta":"","header-above-stick-meta":"","header-main-stick-meta":"","header-below-stick-meta":"","astra-migrate-meta-layouts":"default","ast-page-background-enabled":"default","ast-page-background-meta":{"desktop":{"background-color":"var(--ast-global-color-5)","background-image":"","background-repeat":"repeat","background-position":"center center","background-size":"auto","background-attachment":"scroll","background-type":"","background-media":"","overlay-type":"","overlay-color":"","overlay-opacity":"","overlay-gradient":""},"tablet":{"background-color":"","background-image":"","background-repeat":"repeat","background-position":"center center","background-size":"auto","background-attachment":"scroll","background-type":"","background-media":"","overlay-type":"","overlay-color":"","overlay-opacity":"","overlay-gradient":""},"mobile":{"background-color":"","background-image":"","background-repeat":"repeat","background-position":"center center","background-size":"auto","background-attachment":"scroll","background-type":"","background-media":"","overlay-type":"","overlay-color":"","overlay-opacity":"","overlay-gradient":""}},"ast-content-background-meta":{"desktop":{"background-color":"var(--ast-global-color-4)","background-image":"","background-repeat":"repeat","background-position":"center center","background-size":"auto","background-attachment":"scroll","background-type":"","background-media":"","overlay-type":"","overlay-color":"","overlay-opacity":"","overlay-gradient":""},"tablet":{"background-color":"var(--ast-global-color-4)","background-image":"","background-repeat":"repeat","background-position":"center center","background-size":"auto","background-attachment":"scroll","background-type":"","background-media":"","overlay-type":"","overlay-color":"","overlay-opacity":"","overlay-gradient":""},"mobile":{"background-color":"var(--ast-global-color-4)","background-image":"","background-repeat":"repeat","background-position":"center center","background-size":"auto","background-attachment":"scroll","background-type":"","background-media":"","overlay-type":"","overlay-color":"","overlay-opacity":"","overlay-gradient":""}},"footnotes":""},"class_list":["post-121","page","type-page","status-publish","hentry"],"_links":{"self":[{"href":"https:\/\/heimatverein-elte.de\/index.php?rest_route=\/wp\/v2\/pages\/121","targetHints":{"allow":["GET"]}}],"collection":[{"href":"https:\/\/heimatverein-elte.de\/index.php?rest_route=\/wp\/v2\/pages"}],"about":[{"href":"https:\/\/heimatverein-elte.de\/index.php?rest_route=\/wp\/v2\/types\/page"}],"author":[{"embeddable":true,"href":"https:\/\/heimatverein-elte.de\/index.php?rest_route=\/wp\/v2\/users\/1"}],"replies":[{"embeddable":true,"href":"https:\/\/heimatverein-elte.de\/index.php?rest_route=%2Fwp%2Fv2%2Fcomments&post=121"}],"version-history":[{"count":3,"href":"https:\/\/heimatverein-elte.de\/index.php?rest_route=\/wp\/v2\/pages\/121\/revisions"}],"predecessor-version":[{"id":590,"href":"https:\/\/heimatverein-elte.de\/index.php?rest_route=\/wp\/v2\/pages\/121\/revisions\/590"}],"wp:attachment":[{"href":"https:\/\/heimatverein-elte.de\/index.php?rest_route=%2Fwp%2Fv2%2Fmedia&parent=121"}],"curies":[{"name":"wp","href":"https:\/\/api.w.org\/{rel}","templated":true}]}}