{"id":125,"date":"2025-10-24T14:42:49","date_gmt":"2025-10-24T12:42:49","guid":{"rendered":"https:\/\/heimatverein-elte.de\/?page_id=125"},"modified":"2025-10-30T13:30:29","modified_gmt":"2025-10-30T12:30:29","slug":"nonnenpaedken","status":"publish","type":"page","link":"https:\/\/heimatverein-elte.de\/?page_id=125","title":{"rendered":"Nonnenp\u00e4dken"},"content":{"rendered":"\n<figure class=\"wp-block-gallery has-nested-images columns-default is-cropped wp-block-gallery-1 is-layout-flex wp-block-gallery-is-layout-flex\">\n<figure class=\"wp-block-image size-large\"><img loading=\"lazy\" decoding=\"async\" width=\"370\" height=\"278\" data-id=\"253\" src=\"https:\/\/heimatverein-elte.de\/wp-content\/uploads\/2025\/10\/nonnenp_1.jpg\" alt=\"Stra\u00dfenschild &quot;Nonnenp\u00e4dken&quot;\" class=\"wp-image-253\" srcset=\"https:\/\/heimatverein-elte.de\/wp-content\/uploads\/2025\/10\/nonnenp_1.jpg 370w, https:\/\/heimatverein-elte.de\/wp-content\/uploads\/2025\/10\/nonnenp_1-300x225.jpg 300w\" sizes=\"auto, (max-width: 370px) 100vw, 370px\" \/><\/figure>\n\n\n\n<figure class=\"wp-block-image size-large\"><img loading=\"lazy\" decoding=\"async\" width=\"370\" height=\"278\" data-id=\"254\" src=\"https:\/\/heimatverein-elte.de\/wp-content\/uploads\/2025\/10\/nonnenp_2-f17bfa00.jpg\" alt=\"Weg Nonnenp\u00e4dken\" class=\"wp-image-254\" srcset=\"https:\/\/heimatverein-elte.de\/wp-content\/uploads\/2025\/10\/nonnenp_2-f17bfa00.jpg 370w, https:\/\/heimatverein-elte.de\/wp-content\/uploads\/2025\/10\/nonnenp_2-f17bfa00-300x225.jpg 300w\" sizes=\"auto, (max-width: 370px) 100vw, 370px\" \/><\/figure>\n<\/figure>\n\n\n\n<div class=\"wp-block-media-text has-media-on-the-right is-stacked-on-mobile\" style=\"grid-template-columns:auto 30%\"><div class=\"wp-block-media-text__content\">\n<p>Leise gurgelt der Bach. Ein lauer Samstagabend. In der Abendd\u00e4mmerung flattern ein paar Flederm\u00e4use durch die L\u00fcfte (man kann nicht genau erkennen, um welche Art es sich handelt). Nachtfalter umschwirren das Licht einer Stra\u00dfenlaterne. Spinnennetze leuchten silbern im Mondschein. Im Netz eines Spinnenrades sitzt eine dicke Kreuzspinne und wickelt ihre Beute fein s\u00e4uberlich zu einem Lunchpaket ein.<\/p>\n<\/div><figure class=\"wp-block-media-text__media\"><img loading=\"lazy\" decoding=\"async\" width=\"370\" height=\"278\" src=\"https:\/\/heimatverein-elte.de\/wp-content\/uploads\/2025\/10\/nonnenp_3-cecf162a.jpg\" alt=\"\" class=\"wp-image-255 size-full\" srcset=\"https:\/\/heimatverein-elte.de\/wp-content\/uploads\/2025\/10\/nonnenp_3-cecf162a.jpg 370w, https:\/\/heimatverein-elte.de\/wp-content\/uploads\/2025\/10\/nonnenp_3-cecf162a-300x225.jpg 300w\" sizes=\"auto, (max-width: 370px) 100vw, 370px\" \/><\/figure><\/div>\n\n\n\n<div class=\"wp-block-media-text is-stacked-on-mobile\" style=\"grid-template-columns:30% auto\"><figure class=\"wp-block-media-text__media\"><img loading=\"lazy\" decoding=\"async\" width=\"370\" height=\"278\" src=\"https:\/\/heimatverein-elte.de\/wp-content\/uploads\/2025\/10\/nonnenp_4-bba9cf7e.jpg\" alt=\"M\u00fchlenbach am Nonnenp\u00e4dken\" class=\"wp-image-256 size-full\" srcset=\"https:\/\/heimatverein-elte.de\/wp-content\/uploads\/2025\/10\/nonnenp_4-bba9cf7e.jpg 370w, https:\/\/heimatverein-elte.de\/wp-content\/uploads\/2025\/10\/nonnenp_4-bba9cf7e-300x225.jpg 300w\" sizes=\"auto, (max-width: 370px) 100vw, 370px\" \/><\/figure><div class=\"wp-block-media-text__content\">\n<p>Im Wasser spiegelt sich der Mond und ein K\u00e4uzchen ruft aus einer nahegelegenen Scheune. Rechts des Weges kriecht eine Nacktschnecke und links am Bachlauf sitzt ein Kaninchen. Es stillt seinen Durst. Die Nachtigall singt ihr sch\u00f6nes Lied in die Abendd\u00e4mmerung hinein. Dann vernehme ich ein dumpfes Klopfen aus einer Baumkrone. Es ist ein Buntspecht, der sich mit seinem Schnabel eine Bruth\u00f6hle zimmert.<br><br>Beim Spazieren gehen sollte man schon mal seine Augen und Ohren \u00f6ffnen. Denn wenn man einfach nur so drauflos l\u00e4uft, kann man nichts dazulernen, und unsere Umwelt nicht verstehen.<\/p>\n\n\n\n<p>Das Nonnenp\u00e4dken birgt so viel Natur in sich , dass es l\u00e4ngere Zeit dauert, bis man sich zum n\u00e4chsten Naturgebiet begeben kann, ohne etwas zu verpassen.<br><br>Eine Blaumeise fliegt mit einer Raupe einen Brutkasten an, um die Jungen zu f\u00fcttern. Nicht nur in der Luft sind die Tiere aktiv , sondern auch auf und in der Erde.<br><br>Die Waldameisen sammeln Baumaterial wie klitzekleine \u00c4ste, Tannennadeln und Laubreste, um ihren Wohnpark zu sanieren. Andere wiederum schleppen Beute, meist tote Tiere, in ihren Ameisenh\u00fcgel als Vorrat. Die Waldameise, oder auch die anderen Ameisenarten, sind sehr n\u00fctzliche Tiere. Sie gelten als die Gesundheitspolizei des Waldes. Wenn \u00fcberall die toten Fliegen, K\u00e4fer und anderes Getier auf der Erde liegenbleiben w\u00fcrde, st\u00e4nke es nach Aas. Nicht sehr angenehm.<\/p>\n<\/div><\/div>\n\n\n\n<div class=\"wp-block-media-text is-stacked-on-mobile\" style=\"grid-template-columns:30% auto\"><figure class=\"wp-block-media-text__media\"><img loading=\"lazy\" decoding=\"async\" width=\"370\" height=\"278\" src=\"https:\/\/heimatverein-elte.de\/wp-content\/uploads\/2025\/10\/nonnenp_5-3d474347.jpg\" alt=\"Pusteblume\" class=\"wp-image-257 size-full\" srcset=\"https:\/\/heimatverein-elte.de\/wp-content\/uploads\/2025\/10\/nonnenp_5-3d474347.jpg 370w, https:\/\/heimatverein-elte.de\/wp-content\/uploads\/2025\/10\/nonnenp_5-3d474347-300x225.jpg 300w\" sizes=\"auto, (max-width: 370px) 100vw, 370px\" \/><\/figure><div class=\"wp-block-media-text__content\">\n<p>Eine kleine Spitzmaus lugt durch das Brommbeergeb\u00fcsch. Die Luft ist geschw\u00e4ngert mit dem Samen des L\u00f6wenzahnes. Viele kleine Fallschirme tanzen im Spiel des Windes um weit fortgetragen zu werden. Im Widerschein des Mondes leuchten am Ufer des Baches die gelben Bl\u00fctenbl\u00e4tter der Sumpfdotterblume.<br>Ein kleiner Bauml\u00e4ufer sucht kopf\u00fcber an der Rinde einer Buche nach Insekten f\u00fcr sich oder seine Brut.<br><br>Wenn man bedenkt, dass viele Tiere, die ich hier in meinen Erlebnissen beobachtet habe, schon teilweise auf der roten Liste stehen, macht es mich traurig. Es w\u00e4re schon schlecht, wenn unsere Nachkommen diese Tiere nur noch im Zoo oder aus B\u00fcchern kennenlernen sollten. Darum sag ich es jedem, den es interessiert (oder nicht ) das man die Natur achten und beh\u00fcten soll. Bevor man etwas falsches macht, macht lieber gar nichts.<\/p>\n\n\n\n<p>Es wird Zeit nach Hause zu gehen. Ich habe heute wieder viel gesehen und m\u00f6chte euch demn\u00e4chst mit zu einem anderen Naturgebiet mitnehmen (Nat\u00fcrlich auch in Elte).<\/p>\n\n\n\n<p>Also bis bald, euer Otto<\/p>\n\n\n\n<p>Bilder und Text: Otto Paradies<\/p>\n<\/div><\/div>\n","protected":false},"excerpt":{"rendered":"<p>Leise gurgelt der Bach. Ein lauer Samstagabend. In der Abendd\u00e4mmerung flattern ein paar Flederm\u00e4use durch die L\u00fcfte (man kann nicht [&hellip;]<\/p>\n","protected":false},"author":1,"featured_media":0,"parent":0,"menu_order":0,"comment_status":"closed","ping_status":"closed","template":"","meta":{"site-sidebar-layout":"default","site-content-layout":"","ast-site-content-layout":"default","site-content-style":"default","site-sidebar-style":"default","ast-global-header-display":"","ast-banner-title-visibility":"","ast-main-header-display":"","ast-hfb-above-header-display":"","ast-hfb-below-header-display":"","ast-hfb-mobile-header-display":"","site-post-title":"","ast-breadcrumbs-content":"","ast-featured-img":"","footer-sml-layout":"","ast-disable-related-posts":"","theme-transparent-header-meta":"","adv-header-id-meta":"","stick-header-meta":"","header-above-stick-meta":"","header-main-stick-meta":"","header-below-stick-meta":"","astra-migrate-meta-layouts":"default","ast-page-background-enabled":"default","ast-page-background-meta":{"desktop":{"background-color":"var(--ast-global-color-5)","background-image":"","background-repeat":"repeat","background-position":"center center","background-size":"auto","background-attachment":"scroll","background-type":"","background-media":"","overlay-type":"","overlay-color":"","overlay-opacity":"","overlay-gradient":""},"tablet":{"background-color":"","background-image":"","background-repeat":"repeat","background-position":"center center","background-size":"auto","background-attachment":"scroll","background-type":"","background-media":"","overlay-type":"","overlay-color":"","overlay-opacity":"","overlay-gradient":""},"mobile":{"background-color":"","background-image":"","background-repeat":"repeat","background-position":"center center","background-size":"auto","background-attachment":"scroll","background-type":"","background-media":"","overlay-type":"","overlay-color":"","overlay-opacity":"","overlay-gradient":""}},"ast-content-background-meta":{"desktop":{"background-color":"var(--ast-global-color-4)","background-image":"","background-repeat":"repeat","background-position":"center center","background-size":"auto","background-attachment":"scroll","background-type":"","background-media":"","overlay-type":"","overlay-color":"","overlay-opacity":"","overlay-gradient":""},"tablet":{"background-color":"var(--ast-global-color-4)","background-image":"","background-repeat":"repeat","background-position":"center center","background-size":"auto","background-attachment":"scroll","background-type":"","background-media":"","overlay-type":"","overlay-color":"","overlay-opacity":"","overlay-gradient":""},"mobile":{"background-color":"var(--ast-global-color-4)","background-image":"","background-repeat":"repeat","background-position":"center center","background-size":"auto","background-attachment":"scroll","background-type":"","background-media":"","overlay-type":"","overlay-color":"","overlay-opacity":"","overlay-gradient":""}},"footnotes":""},"class_list":["post-125","page","type-page","status-publish","hentry"],"_links":{"self":[{"href":"https:\/\/heimatverein-elte.de\/index.php?rest_route=\/wp\/v2\/pages\/125","targetHints":{"allow":["GET"]}}],"collection":[{"href":"https:\/\/heimatverein-elte.de\/index.php?rest_route=\/wp\/v2\/pages"}],"about":[{"href":"https:\/\/heimatverein-elte.de\/index.php?rest_route=\/wp\/v2\/types\/page"}],"author":[{"embeddable":true,"href":"https:\/\/heimatverein-elte.de\/index.php?rest_route=\/wp\/v2\/users\/1"}],"replies":[{"embeddable":true,"href":"https:\/\/heimatverein-elte.de\/index.php?rest_route=%2Fwp%2Fv2%2Fcomments&post=125"}],"version-history":[{"count":4,"href":"https:\/\/heimatverein-elte.de\/index.php?rest_route=\/wp\/v2\/pages\/125\/revisions"}],"predecessor-version":[{"id":593,"href":"https:\/\/heimatverein-elte.de\/index.php?rest_route=\/wp\/v2\/pages\/125\/revisions\/593"}],"wp:attachment":[{"href":"https:\/\/heimatverein-elte.de\/index.php?rest_route=%2Fwp%2Fv2%2Fmedia&parent=125"}],"curies":[{"name":"wp","href":"https:\/\/api.w.org\/{rel}","templated":true}]}}