{"id":138,"date":"2025-10-24T14:45:00","date_gmt":"2025-10-24T12:45:00","guid":{"rendered":"https:\/\/heimatverein-elte.de\/?page_id=138"},"modified":"2026-03-30T15:28:54","modified_gmt":"2026-03-30T13:28:54","slug":"impressum","status":"publish","type":"page","link":"https:\/\/heimatverein-elte.de\/?page_id=138","title":{"rendered":"Impressum"},"content":{"rendered":"\n<p><strong>Postanschrift des Vereins:<\/strong><br>Heimatverein Elte e.V.<br>Hillenweg 5<br><br>48432 Rheine<br><\/p>\n\n\n\n<p><strong>Telefonischer Kontakt<\/strong> (1. Vorsitzender):<br>Tel. 05975 &#8211; 17 43<br><br><strong>Email-Adressen:<\/strong><br>info@heimatverein-elte.de (f\u00fcr Vereinsangelegenheiten<strong>, z.B. Mitgliedsantr\u00e4ge<\/strong>)<br>webmaster@heimatverein-elte.de (<strong>nur bei Fragen zur Webseite!)<\/strong><\/p>\n\n\n\n<p><strong>Registergericht:<\/strong><br>Amtsgericht Steinfurt VR 20382<\/p>\n\n\n\n<p><strong>Bankdaten:<\/strong><br>IBAN: DE83 4035 0005 0014 0189 31<\/p>\n\n\n\n<p><strong>Gesch\u00e4ftsf\u00fchrender Vorstand:<\/strong><br><br>Albert Wiesk\u00f6tter (1. Vorsitzender \/verantwortlich i.S.d. MdStV)<br>Leander Overesch (2. Vorsitzender)<br>Benedikt Rau\u00df (Kassierer)<br>Helmut Lakemeier (Schriftf\u00fchrer)<\/p>\n\n\n\n<p><strong>Erweiterter Vorstand:<\/strong><br>Ruth Janiszewski<br>Carsten Promehl<br>Stefan Schr\u00f6der<br>Rainer Sendker<br>Maria Upmeyer<br>Markus Vieth<\/p>\n\n\n\n<p>Die Website www.heimatverein-elte.de wird durch den Heimatverein Elte e.V. bereitgestellt. Die Zust\u00e4ndigkeit und Verantwortung dieser Website obliegt dem Vorstand des Heimatverein Elte e.V..<\/p>\n\n\n\n<p><strong>Externe Angebote:<\/strong> <br>Sofern von www.heimatverein-elte.de auf andere URL oder Seiten verwiesen wird (Hyperlinks), ist hiermit regelm\u00e4\u00dfig keine Aussage oder Meinung in Bezug auf die angelinkten, fremden Inhalte verbunden, insbesondere werden diese fremden Inhalte nicht zu eigen gemacht. Bitte teilen Sie uns mit, wenn Sie feststellen sollten, dass der Verweis oder der hinter einem Link liegende Inhalt nicht korrekt, aktuell oder sonst zu beanstanden ist. Das Anbringen von Links mit Verweis auf Inhalte dieser Website bedarf der vorherigen Zustimmung der Online-Redaktion.<\/p>\n\n\n\n<p><strong>Disclaimer, Haftungsausschluss:<\/strong><br>Auf den Internetseiten des Heimatverein Elte e.V. finden Sie die Darstellung von Informationen \u00fcber den Heimatverein, Aufgaben, Angebote und Aktivit\u00e4ten, sowie Kontaktm\u00f6glichkeiten. Das Internet-Angebot dient dabei ausschlie\u00dflich zur allgemeinen Information. Die dargestellten Informationen wurden durch den Internetbeauftragten regelm\u00e4\u00dfig vor erstmaliger Einstellung erarbeitet und\/oder gepr\u00fcft. Aufgrund des allgemeinen Informationscharakters des Internet-Angebots wird jedoch keine Gew\u00e4hr f\u00fcr die Aktualit\u00e4t, Richtigkeit, Vollst\u00e4ndigkeit, Qualit\u00e4t oder jederzeitige Verf\u00fcgbarkeit der bereitgestellten Informationen \u00fcbernommen. Der Heimatverein Elte e.V. haftet nicht f\u00fcr Sch\u00e4den, die durch die Nutzung oder Nichtnutzung angebotener Informationen entstehen. F\u00fcr etwaige Sch\u00e4den, die beim Aufrufen oder Herunterladen von Daten durch Computerviren oder der Installation oder Nutzung von Software verursacht werden, wird nicht gehaftet.<\/p>\n\n\n\n<p><strong>Urheberrecht:<\/strong><br>Falls nicht anders angegeben, unterliegen alle Seiten des Web-Angebotes dieser Internetseiten, insbesondere Texte, Bilder, Grafiken, Ton-, Video- und Animationsdateien dem Urheberrecht. Eine Vervielf\u00e4ltigung, Ver\u00f6ffentlichung oder sonstige Verwendung solcher Seiten, oder Teilen davon, in elektronischen oder gedruckten Publikationen, auch im Internet, oder zu unternehmerischen Zwecken ist nur nach vorheriger Zustimmung gestattet. Das gilt f\u00fcr alle Inhalte unabh\u00e4ngig von Dateiformat und f\u00fcr alle Formen der Verwertung. Unzul\u00e4ssig ist das automatische oder sonst nicht vom individuellen Interesse an dem jeweiligen Inhalt gepr\u00e4gte Auslesen des Archivs oder anderer Datenbanken dieser Seiten zum Zwecke der Speicherung. Die Inhalte d\u00fcrfen ohne gesonderte Einwilligung lediglich f\u00fcr den privaten, nicht gewerblichen Zweck abgerufen, heruntergeladen, gespeichert und ausgedruckt werden, wenn alle urheberrechtlichen (z.B. Quellenangaben) und anderen gesch\u00fctzten Hinweise in Bezug auf die Inhalte und die Inhalte selbst unver\u00e4ndert beibehalten werden. Als Quelle ist die Internet-Adresse &#8222;www.heimatverein-elte.de&#8220; zu nennen. Die Urheberrechte verbleiben bei der Verbandsgliederung bzw. bei genannten Dritten.<\/p>\n\n\n\n<p><strong>Datenschutz<\/strong> (<a href=\"https:\/\/heimatverein-elte.de\/index.php\/datenschutz\/\" data-type=\"page\" data-id=\"140\">bitte hier klicken<\/a>)<\/p>\n","protected":false},"excerpt":{"rendered":"<p>Postanschrift des Vereins:Heimatverein Elte e.V.Hillenweg 5 48432 Rheine Telefonischer Kontakt (1. Vorsitzender):Tel. 05975 &#8211; 17 43 Email-Adressen:info@heimatverein-elte.de (f\u00fcr Vereinsangelegenheiten, z.B. [&hellip;]<\/p>\n","protected":false},"author":1,"featured_media":0,"parent":0,"menu_order":0,"comment_status":"closed","ping_status":"closed","template":"","meta":{"site-sidebar-layout":"default","site-content-layout":"","ast-site-content-layout":"default","site-content-style":"default","site-sidebar-style":"default","ast-global-header-display":"","ast-banner-title-visibility":"","ast-main-header-display":"","ast-hfb-above-header-display":"","ast-hfb-below-header-display":"","ast-hfb-mobile-header-display":"","site-post-title":"","ast-breadcrumbs-content":"","ast-featured-img":"","footer-sml-layout":"","ast-disable-related-posts":"","theme-transparent-header-meta":"","adv-header-id-meta":"","stick-header-meta":"","header-above-stick-meta":"","header-main-stick-meta":"","header-below-stick-meta":"","astra-migrate-meta-layouts":"default","ast-page-background-enabled":"default","ast-page-background-meta":{"desktop":{"background-color":"var(--ast-global-color-5)","background-image":"","background-repeat":"repeat","background-position":"center center","background-size":"auto","background-attachment":"scroll","background-type":"","background-media":"","overlay-type":"","overlay-color":"","overlay-opacity":"","overlay-gradient":""},"tablet":{"background-color":"","background-image":"","background-repeat":"repeat","background-position":"center center","background-size":"auto","background-attachment":"scroll","background-type":"","background-media":"","overlay-type":"","overlay-color":"","overlay-opacity":"","overlay-gradient":""},"mobile":{"background-color":"","background-image":"","background-repeat":"repeat","background-position":"center center","background-size":"auto","background-attachment":"scroll","background-type":"","background-media":"","overlay-type":"","overlay-color":"","overlay-opacity":"","overlay-gradient":""}},"ast-content-background-meta":{"desktop":{"background-color":"var(--ast-global-color-4)","background-image":"","background-repeat":"repeat","background-position":"center center","background-size":"auto","background-attachment":"scroll","background-type":"","background-media":"","overlay-type":"","overlay-color":"","overlay-opacity":"","overlay-gradient":""},"tablet":{"background-color":"var(--ast-global-color-4)","background-image":"","background-repeat":"repeat","background-position":"center center","background-size":"auto","background-attachment":"scroll","background-type":"","background-media":"","overlay-type":"","overlay-color":"","overlay-opacity":"","overlay-gradient":""},"mobile":{"background-color":"var(--ast-global-color-4)","background-image":"","background-repeat":"repeat","background-position":"center center","background-size":"auto","background-attachment":"scroll","background-type":"","background-media":"","overlay-type":"","overlay-color":"","overlay-opacity":"","overlay-gradient":""}},"footnotes":""},"class_list":["post-138","page","type-page","status-publish","hentry"],"_links":{"self":[{"href":"https:\/\/heimatverein-elte.de\/index.php?rest_route=\/wp\/v2\/pages\/138","targetHints":{"allow":["GET"]}}],"collection":[{"href":"https:\/\/heimatverein-elte.de\/index.php?rest_route=\/wp\/v2\/pages"}],"about":[{"href":"https:\/\/heimatverein-elte.de\/index.php?rest_route=\/wp\/v2\/types\/page"}],"author":[{"embeddable":true,"href":"https:\/\/heimatverein-elte.de\/index.php?rest_route=\/wp\/v2\/users\/1"}],"replies":[{"embeddable":true,"href":"https:\/\/heimatverein-elte.de\/index.php?rest_route=%2Fwp%2Fv2%2Fcomments&post=138"}],"version-history":[{"count":6,"href":"https:\/\/heimatverein-elte.de\/index.php?rest_route=\/wp\/v2\/pages\/138\/revisions"}],"predecessor-version":[{"id":661,"href":"https:\/\/heimatverein-elte.de\/index.php?rest_route=\/wp\/v2\/pages\/138\/revisions\/661"}],"wp:attachment":[{"href":"https:\/\/heimatverein-elte.de\/index.php?rest_route=%2Fwp%2Fv2%2Fmedia&parent=138"}],"curies":[{"name":"wp","href":"https:\/\/api.w.org\/{rel}","templated":true}]}}