{"id":323,"date":"2025-10-27T11:56:18","date_gmt":"2025-10-27T10:56:18","guid":{"rendered":"https:\/\/heimatverein-elte.de\/?page_id=323"},"modified":"2025-10-30T12:43:22","modified_gmt":"2025-10-30T11:43:22","slug":"1932-1945","status":"publish","type":"page","link":"https:\/\/heimatverein-elte.de\/?page_id=323","title":{"rendered":"1932 &#8211; 1945"},"content":{"rendered":"\n<h2 class=\"wp-block-heading\"><strong>Hochzeit<\/strong><\/h2>\n\n\n\n<div class=\"wp-block-media-text is-stacked-on-mobile\" style=\"grid-template-columns:30% auto\"><figure class=\"wp-block-media-text__media\"><img loading=\"lazy\" decoding=\"async\" width=\"119\" height=\"158\" src=\"https:\/\/heimatverein-elte.de\/wp-content\/uploads\/2025\/10\/hochzeit-913875d3.jpg\" alt=\"Hochzeit Josef Pieper und Hildegard M\u00fcnster\" class=\"wp-image-178 size-full\"\/><\/figure><div class=\"wp-block-media-text__content\">\n<p>Am 23.04.1935 heiratete Josef Pieper Hildegard M\u00fcnster, das Ehepaar lebte in Dortmund. Aus der Ehe gingen drei Kinder hervor.<\/p>\n<\/div><\/div>\n\n\n\n<h2 class=\"wp-block-heading\">Soldat und Kriegsgefangener<\/h2>\n\n\n\n<div class=\"wp-block-media-text has-media-on-the-right is-stacked-on-mobile\" style=\"grid-template-columns:auto 30%\"><div class=\"wp-block-media-text__content\">\n<p>Zum 1.2. 1940 wurde Josef Pieper in den heerespsychologischen Dienst einberufen. Als die Eignungs-Pr\u00fcfstellen im Dezember 1942 aufgel\u00f6st wurden, endete der Dienst in der Wehrmacht. Ab Januar 1943 fungierte Josef Pieper als wissenschaftlicher Hilfs-arbeiter bei der Hauptf\u00fcrsorgestelle der Provinz Westfalen. Im Rahmen dieser T\u00e4tigkeit f\u00fchrte er Eignungsuntersuchungen an Schwerkriegsbesch\u00e4digten durch. Im Oktober 1944 erfolgte nochmals eine Einberufung, dieses Mal zur Luftwaffe. Der M\u00e4rz 1945 brachte die Versetzung an das Reservelazarett Bigge (Ruhr), erneut f\u00fchrte Josef Pieper Eignungsuntersuchungen durch. April bis Juli 1945 erlebte Pieper in Kriegsgefangenschaft.<\/p>\n<\/div><figure class=\"wp-block-media-text__media\"><img loading=\"lazy\" decoding=\"async\" width=\"208\" height=\"268\" src=\"https:\/\/heimatverein-elte.de\/wp-content\/uploads\/2025\/10\/soldat-4adca32a.jpg\" alt=\"Pieper als Soldat\" class=\"wp-image-179 size-full\"\/><\/figure><\/div>\n\n\n\n<figure class=\"wp-block-image aligncenter size-full is-resized\"><img loading=\"lazy\" decoding=\"async\" width=\"206\" height=\"152\" src=\"https:\/\/heimatverein-elte.de\/wp-content\/uploads\/2025\/10\/familie_1955-6d76b15e.jpg\" alt=\"Familie Pieper\" class=\"wp-image-177\" style=\"width:300px\"\/><figcaption class=\"wp-element-caption\">Familie Pieper<\/figcaption><\/figure>\n\n\n\n<p><\/p>\n","protected":false},"excerpt":{"rendered":"<p>Hochzeit Am 23.04.1935 heiratete Josef Pieper Hildegard M\u00fcnster, das Ehepaar lebte in Dortmund. Aus der Ehe gingen drei Kinder hervor. [&hellip;]<\/p>\n","protected":false},"author":1,"featured_media":0,"parent":0,"menu_order":0,"comment_status":"closed","ping_status":"closed","template":"","meta":{"site-sidebar-layout":"default","site-content-layout":"","ast-site-content-layout":"default","site-content-style":"default","site-sidebar-style":"default","ast-global-header-display":"","ast-banner-title-visibility":"","ast-main-header-display":"","ast-hfb-above-header-display":"","ast-hfb-below-header-display":"","ast-hfb-mobile-header-display":"","site-post-title":"","ast-breadcrumbs-content":"","ast-featured-img":"","footer-sml-layout":"","ast-disable-related-posts":"","theme-transparent-header-meta":"","adv-header-id-meta":"","stick-header-meta":"","header-above-stick-meta":"","header-main-stick-meta":"","header-below-stick-meta":"","astra-migrate-meta-layouts":"default","ast-page-background-enabled":"default","ast-page-background-meta":{"desktop":{"background-color":"var(--ast-global-color-5)","background-image":"","background-repeat":"repeat","background-position":"center center","background-size":"auto","background-attachment":"scroll","background-type":"","background-media":"","overlay-type":"","overlay-color":"","overlay-opacity":"","overlay-gradient":""},"tablet":{"background-color":"","background-image":"","background-repeat":"repeat","background-position":"center center","background-size":"auto","background-attachment":"scroll","background-type":"","background-media":"","overlay-type":"","overlay-color":"","overlay-opacity":"","overlay-gradient":""},"mobile":{"background-color":"","background-image":"","background-repeat":"repeat","background-position":"center center","background-size":"auto","background-attachment":"scroll","background-type":"","background-media":"","overlay-type":"","overlay-color":"","overlay-opacity":"","overlay-gradient":""}},"ast-content-background-meta":{"desktop":{"background-color":"var(--ast-global-color-4)","background-image":"","background-repeat":"repeat","background-position":"center center","background-size":"auto","background-attachment":"scroll","background-type":"","background-media":"","overlay-type":"","overlay-color":"","overlay-opacity":"","overlay-gradient":""},"tablet":{"background-color":"var(--ast-global-color-4)","background-image":"","background-repeat":"repeat","background-position":"center center","background-size":"auto","background-attachment":"scroll","background-type":"","background-media":"","overlay-type":"","overlay-color":"","overlay-opacity":"","overlay-gradient":""},"mobile":{"background-color":"var(--ast-global-color-4)","background-image":"","background-repeat":"repeat","background-position":"center center","background-size":"auto","background-attachment":"scroll","background-type":"","background-media":"","overlay-type":"","overlay-color":"","overlay-opacity":"","overlay-gradient":""}},"footnotes":""},"class_list":["post-323","page","type-page","status-publish","hentry"],"_links":{"self":[{"href":"https:\/\/heimatverein-elte.de\/index.php?rest_route=\/wp\/v2\/pages\/323","targetHints":{"allow":["GET"]}}],"collection":[{"href":"https:\/\/heimatverein-elte.de\/index.php?rest_route=\/wp\/v2\/pages"}],"about":[{"href":"https:\/\/heimatverein-elte.de\/index.php?rest_route=\/wp\/v2\/types\/page"}],"author":[{"embeddable":true,"href":"https:\/\/heimatverein-elte.de\/index.php?rest_route=\/wp\/v2\/users\/1"}],"replies":[{"embeddable":true,"href":"https:\/\/heimatverein-elte.de\/index.php?rest_route=%2Fwp%2Fv2%2Fcomments&post=323"}],"version-history":[{"count":4,"href":"https:\/\/heimatverein-elte.de\/index.php?rest_route=\/wp\/v2\/pages\/323\/revisions"}],"predecessor-version":[{"id":551,"href":"https:\/\/heimatverein-elte.de\/index.php?rest_route=\/wp\/v2\/pages\/323\/revisions\/551"}],"wp:attachment":[{"href":"https:\/\/heimatverein-elte.de\/index.php?rest_route=%2Fwp%2Fv2%2Fmedia&parent=323"}],"curies":[{"name":"wp","href":"https:\/\/api.w.org\/{rel}","templated":true}]}}