{"id":325,"date":"2025-10-27T11:56:37","date_gmt":"2025-10-27T10:56:37","guid":{"rendered":"https:\/\/heimatverein-elte.de\/?page_id=325"},"modified":"2025-10-30T12:44:05","modified_gmt":"2025-10-30T11:44:05","slug":"1945-1997","status":"publish","type":"page","link":"https:\/\/heimatverein-elte.de\/?page_id=325","title":{"rendered":"1945 &#8211; 1997"},"content":{"rendered":"\n<h2 class=\"wp-block-heading\">Vom Philosophie-Dozenten zum hochgeehrten Professor und Publizisten<\/h2>\n\n\n\n<h3 class=\"wp-block-heading\">Lehr- und Vortragst\u00e4tigkeit<\/h3>\n\n\n\n<div class=\"wp-block-media-text has-media-on-the-right is-stacked-on-mobile\" style=\"grid-template-columns:auto 30%\"><div class=\"wp-block-media-text__content\">\n<p>Pieper hat es verstanden, Akademiker und Nichtakademiker f\u00fcr die Philosophie zu begeistern. &#8222;Offenbar interessierte die Leute das, was ich erz\u00e4hlte. Ich habe immer versucht, keine Fachphilosophie zu betreiben, sondern aufzugreifen, was die Studenten bewegte&#8220;, erkl\u00e4rte er selbst einmal seine Anziehungskraft. Seine seit 1946 gehaltenen Vorlesungen geh\u00f6rten zu den Veranstaltungen mit dem gr\u00f6\u00dften H\u00f6rerandrang.<br>Aber: &#8222;Die Philosophen und Fachleute haben mich ignoriert, weil sie gesagt haben: \u201aDen kann man ja verstehen\u2018.&#8220; Professor Maier dr\u00fcckte dies positiv aus: &#8222;Das Deutsch dieses Philosophen qu\u00e4lt den Leser nicht.&#8220; Pieper habe die Wahrheit zum Sprechen gebracht. &#8222;Und er l\u00e4sst uns miterleben, wie die Weisheit der Alten \u2013 gerade wenn man sie nicht technisch und funktional gebraucht \u2013 uns an Einsicht und Erfahrung reicher macht.&#8220;<\/p>\n<\/div><figure class=\"wp-block-media-text__media\"><img loading=\"lazy\" decoding=\"async\" width=\"245\" height=\"354\" src=\"https:\/\/heimatverein-elte.de\/wp-content\/uploads\/2025\/10\/josef_pieper-4f8485b2.jpg\" alt=\"Portrait von Josef Pieper vor B\u00fcchern\" class=\"wp-image-181 size-full\" srcset=\"https:\/\/heimatverein-elte.de\/wp-content\/uploads\/2025\/10\/josef_pieper-4f8485b2.jpg 245w, https:\/\/heimatverein-elte.de\/wp-content\/uploads\/2025\/10\/josef_pieper-4f8485b2-208x300.jpg 208w\" sizes=\"auto, (max-width: 245px) 100vw, 245px\" \/><\/figure><\/div>\n\n\n\n<figure class=\"wp-block-image aligncenter size-full\"><img loading=\"lazy\" decoding=\"async\" width=\"580\" height=\"156\" src=\"https:\/\/heimatverein-elte.de\/wp-content\/uploads\/2025\/10\/blick_auf_elte-495a9a8e.jpg\" alt=\"\" class=\"wp-image-180\" srcset=\"https:\/\/heimatverein-elte.de\/wp-content\/uploads\/2025\/10\/blick_auf_elte-495a9a8e.jpg 580w, https:\/\/heimatverein-elte.de\/wp-content\/uploads\/2025\/10\/blick_auf_elte-495a9a8e-300x81.jpg 300w\" sizes=\"auto, (max-width: 580px) 100vw, 580px\" \/><\/figure>\n\n\n\n<h3 class=\"wp-block-heading\">Anekdoten<\/h3>\n\n\n\n<div class=\"wp-block-media-text has-media-on-the-right is-stacked-on-mobile\" style=\"grid-template-columns:auto 30%\"><div class=\"wp-block-media-text__content\">\n<p>Nicht nur in den autobiographischen Aufzeichnungen, auch in den philosophischen Schriften finden seine Kinderjahre, Brauchtum und Lebensgewohnheiten des Dorfes Elte in kleinen Reflektionen ihren erg\u00e4nzenden Niederschlag. Seiner Herkunft aus Elte erinnert er sich und auch andere gerne. <br><br>Als bei der Verleihung des Staatspreises Nordrhein-Westfalen der Ministerpr\u00e4sident Johannes Rau verwundert fragte: \u201eElte, wo liegt das eigentlich?\u201c, habe er dem Rau das unmissverst\u00e4ndlich beigebracht. Der Ministerpr\u00e4sident wisse jetzt, wo Elte liege.<\/p>\n<\/div><figure class=\"wp-block-media-text__media\"><img loading=\"lazy\" decoding=\"async\" width=\"341\" height=\"300\" src=\"https:\/\/heimatverein-elte.de\/wp-content\/uploads\/2025\/10\/staatspreis-8a6ab098.jpg\" alt=\"Josef Pieper und NRW-Ministerpr\u00e4sident Johannes Rau\" class=\"wp-image-182 size-full\" srcset=\"https:\/\/heimatverein-elte.de\/wp-content\/uploads\/2025\/10\/staatspreis-8a6ab098.jpg 341w, https:\/\/heimatverein-elte.de\/wp-content\/uploads\/2025\/10\/staatspreis-8a6ab098-300x264.jpg 300w\" sizes=\"auto, (max-width: 341px) 100vw, 341px\" \/><\/figure><\/div>\n\n\n\n<p>Bei der Verleihung des Staatspreises der Republik \u00d6sterreich sollte auch eine kleine Applikation an das Revers des Geehrten geheftet&nbsp; werden. Das Knopfloch war aber zugen\u00e4ht. F\u00fcr einen Philosophen, der seit seiner Kindheit in Elte den Wert des Taschenmessers einzusch\u00e4tzen wusste, war dies kein Problem. Er z\u00fcckte sein Taschenmesser und mit ministrieller Hilfe wurde das Problem ad-hoc gel\u00f6st.<br><br>W\u00e4hrend eines Interviews in der Fernsehsendung \u201eZeugen des Jahrhunderts\u201c, in der Professor Pieper vorgestellt wurde, fragte man ihn, was ihn heute noch besonders an das Dorf Elte erinnere. Pieper sagte: \u201eEs ist der Geruch des Dorfes. Gerade im Geruch des Dorfes sei der jahreszeitliche Wechsel intensiv festzustellen.<br><br>Heimat ist ihm kein ideologischer Begriff, sondern etwas Gewachsenes aus seinem Werdegang und dem intensiven Erleben des Menschen und der Landschaft. Er selber habe nur ein einziges Mal wirklich die Versuchung versp\u00fcrt, Deutschland zu verlassen. Das war im Jahre 1950 kurz nach Ausbruch des Korea Krieges. Im Sommer 1950 war er mit dem Fahrrad unterwegs, den Rhein hinauf. An einem sp\u00e4ten Samstagnachmittag habe er in Ingelheim auf einer Terrasse gesessen und den roten&nbsp; Wein getrunken, der dort w\u00e4chst. Und w\u00e4hrend er so ruhig dasa\u00df drang Glockengel\u00e4ut \u00fcber den Rhein her\u00fcber zu ihm. In diesem Augenblick habe er den Entschluss gefasst: dieses Land wirst du niemals verlassen! Noch am selben Abend habe er noch an eine amerikanische Universit\u00e4t geschrieben \u201eIch komme nicht!\u201c. Aber er habe mit keiner Silbe \u00fcber das Glockengel\u00e4ut reden k\u00f6nnen, obwohl es f\u00fcr ihn, wenn nur ein Symbol, doch ein entscheidendes Argument war. Er wusste ja, dass in Amerika Glockengel\u00e4ut weithin verboten ist.<br><br>Aber auch hier, in diesem Lande, hat es immer ein geheimes Motiv gegeben, von dem er nicht sprechen mochte oder konnte. \u201eEs war mir nicht m\u00f6glich, einen Garten zu verlassen, in dem ich selber B\u00e4ume gepflanzt habe, nicht nur Obstb\u00e4ume, sondern auch einen Ginkgo-Baum, \u00fcber dessen Blatt Goethe ein wunderbares Liebesgedicht gemacht hat.\u201c<br>&nbsp;<br>\u201eDer Baum ist \u00fcbrigens ein Symbol, dass mir immer lieb gewesen ist. Ich bin ja keineswegs immer am gleichen Ort geblieben. Wie der Baum, weil er seine Wurzeln tief in das Erdreich hinuntertreibt, gerade deswegen auch weit ausladend seine Krone entfalten kann, so haben auch mich die Reisen in andere L\u00e4nder und in andere Erdteile, &#8211; dessen bin ich sicher \u2013 nicht aus diesem Lande zu entwurzeln vermocht.\u201c<\/p>\n\n\n\n<h3 class=\"wp-block-heading\">Ehrungen und Auszeichnungen<\/h3>\n\n\n\n<ul class=\"wp-block-list\">\n<li>1981 Romao Guardini Preis<\/li>\n\n\n\n<li>1982 Internationaler Balzan Preis<\/li>\n\n\n\n<li>1987 Ingersoll Prize f\u00fcr wissenschaftliche Prosa<\/li>\n\n\n\n<li>1987 Staatspreis des Landes NRW<\/li>\n\n\n\n<li>1990 Verleihung der goldenen Stadtmedaille<\/li>\n\n\n\n<li>1990 Verleihung \u00d6sterreichischer Staatspreis<\/li>\n\n\n\n<li>1994 Verleihung des Bundesverdienstkreuzes<\/li>\n\n\n\n<li>1994 Ehrentafel Elte<\/li>\n\n\n\n<li>1994 Gl\u00fcckwunsch Papst Johannes Paul II.<\/li>\n<\/ul>\n","protected":false},"excerpt":{"rendered":"<p>Vom Philosophie-Dozenten zum hochgeehrten Professor und Publizisten Lehr- und Vortragst\u00e4tigkeit Pieper hat es verstanden, Akademiker und Nichtakademiker f\u00fcr die Philosophie [&hellip;]<\/p>\n","protected":false},"author":1,"featured_media":0,"parent":0,"menu_order":0,"comment_status":"closed","ping_status":"closed","template":"","meta":{"site-sidebar-layout":"default","site-content-layout":"","ast-site-content-layout":"default","site-content-style":"default","site-sidebar-style":"default","ast-global-header-display":"","ast-banner-title-visibility":"","ast-main-header-display":"","ast-hfb-above-header-display":"","ast-hfb-below-header-display":"","ast-hfb-mobile-header-display":"","site-post-title":"","ast-breadcrumbs-content":"","ast-featured-img":"","footer-sml-layout":"","ast-disable-related-posts":"","theme-transparent-header-meta":"","adv-header-id-meta":"","stick-header-meta":"","header-above-stick-meta":"","header-main-stick-meta":"","header-below-stick-meta":"","astra-migrate-meta-layouts":"default","ast-page-background-enabled":"default","ast-page-background-meta":{"desktop":{"background-color":"var(--ast-global-color-5)","background-image":"","background-repeat":"repeat","background-position":"center center","background-size":"auto","background-attachment":"scroll","background-type":"","background-media":"","overlay-type":"","overlay-color":"","overlay-opacity":"","overlay-gradient":""},"tablet":{"background-color":"","background-image":"","background-repeat":"repeat","background-position":"center center","background-size":"auto","background-attachment":"scroll","background-type":"","background-media":"","overlay-type":"","overlay-color":"","overlay-opacity":"","overlay-gradient":""},"mobile":{"background-color":"","background-image":"","background-repeat":"repeat","background-position":"center center","background-size":"auto","background-attachment":"scroll","background-type":"","background-media":"","overlay-type":"","overlay-color":"","overlay-opacity":"","overlay-gradient":""}},"ast-content-background-meta":{"desktop":{"background-color":"var(--ast-global-color-4)","background-image":"","background-repeat":"repeat","background-position":"center center","background-size":"auto","background-attachment":"scroll","background-type":"","background-media":"","overlay-type":"","overlay-color":"","overlay-opacity":"","overlay-gradient":""},"tablet":{"background-color":"var(--ast-global-color-4)","background-image":"","background-repeat":"repeat","background-position":"center center","background-size":"auto","background-attachment":"scroll","background-type":"","background-media":"","overlay-type":"","overlay-color":"","overlay-opacity":"","overlay-gradient":""},"mobile":{"background-color":"var(--ast-global-color-4)","background-image":"","background-repeat":"repeat","background-position":"center center","background-size":"auto","background-attachment":"scroll","background-type":"","background-media":"","overlay-type":"","overlay-color":"","overlay-opacity":"","overlay-gradient":""}},"footnotes":""},"class_list":["post-325","page","type-page","status-publish","hentry"],"_links":{"self":[{"href":"https:\/\/heimatverein-elte.de\/index.php?rest_route=\/wp\/v2\/pages\/325","targetHints":{"allow":["GET"]}}],"collection":[{"href":"https:\/\/heimatverein-elte.de\/index.php?rest_route=\/wp\/v2\/pages"}],"about":[{"href":"https:\/\/heimatverein-elte.de\/index.php?rest_route=\/wp\/v2\/types\/page"}],"author":[{"embeddable":true,"href":"https:\/\/heimatverein-elte.de\/index.php?rest_route=\/wp\/v2\/users\/1"}],"replies":[{"embeddable":true,"href":"https:\/\/heimatverein-elte.de\/index.php?rest_route=%2Fwp%2Fv2%2Fcomments&post=325"}],"version-history":[{"count":4,"href":"https:\/\/heimatverein-elte.de\/index.php?rest_route=\/wp\/v2\/pages\/325\/revisions"}],"predecessor-version":[{"id":552,"href":"https:\/\/heimatverein-elte.de\/index.php?rest_route=\/wp\/v2\/pages\/325\/revisions\/552"}],"wp:attachment":[{"href":"https:\/\/heimatverein-elte.de\/index.php?rest_route=%2Fwp%2Fv2%2Fmedia&parent=325"}],"curies":[{"name":"wp","href":"https:\/\/api.w.org\/{rel}","templated":true}]}}

<h2 class="wp-block-heading">Vom Philosophie-Dozenten zum hochgeehrten Professor und Publizisten</h2>



<h3 class="wp-block-heading">Lehr- und Vortragstätigkeit</h3>



<div class="wp-block-media-text has-media-on-the-right is-stacked-on-mobile" style="grid-template-columns:auto 30%"><div class="wp-block-media-text__content">
<p>Pieper hat es verstanden, Akademiker und Nichtakademiker für die Philosophie zu begeistern. &#8222;Offenbar interessierte die Leute das, was ich erzählte. Ich habe immer versucht, keine Fachphilosophie zu betreiben, sondern aufzugreifen, was die Studenten bewegte&#8220;, erklärte er selbst einmal seine Anziehungskraft. Seine seit 1946 gehaltenen Vorlesungen gehörten zu den Veranstaltungen mit dem größten Hörerandrang.<br>Aber: &#8222;Die Philosophen und Fachleute haben mich ignoriert, weil sie gesagt haben: ‚Den kann man ja verstehen‘.&#8220; Professor Maier drückte dies positiv aus: &#8222;Das Deutsch dieses Philosophen quält den Leser nicht.&#8220; Pieper habe die Wahrheit zum Sprechen gebracht. &#8222;Und er lässt uns miterleben, wie die Weisheit der Alten – gerade wenn man sie nicht technisch und funktional gebraucht – uns an Einsicht und Erfahrung reicher macht.&#8220;</p>
</div><figure class="wp-block-media-text__media"><img loading="lazy" decoding="async" width="245" height="354" src="https://heimatverein-elte.de/wp-content/uploads/2025/10/josef_pieper-4f8485b2.jpg" alt="Portrait von Josef Pieper vor Büchern" class="wp-image-181 size-full" srcset="https://heimatverein-elte.de/wp-content/uploads/2025/10/josef_pieper-4f8485b2.jpg 245w, https://heimatverein-elte.de/wp-content/uploads/2025/10/josef_pieper-4f8485b2-208x300.jpg 208w" sizes="auto, (max-width: 245px) 100vw, 245px" /></figure></div>



<figure class="wp-block-image aligncenter size-full"><img loading="lazy" decoding="async" width="580" height="156" src="https://heimatverein-elte.de/wp-content/uploads/2025/10/blick_auf_elte-495a9a8e.jpg" alt="" class="wp-image-180" srcset="https://heimatverein-elte.de/wp-content/uploads/2025/10/blick_auf_elte-495a9a8e.jpg 580w, https://heimatverein-elte.de/wp-content/uploads/2025/10/blick_auf_elte-495a9a8e-300x81.jpg 300w" sizes="auto, (max-width: 580px) 100vw, 580px" /></figure>



<h3 class="wp-block-heading">Anekdoten</h3>



<div class="wp-block-media-text has-media-on-the-right is-stacked-on-mobile" style="grid-template-columns:auto 30%"><div class="wp-block-media-text__content">
<p>Nicht nur in den autobiographischen Aufzeichnungen, auch in den philosophischen Schriften finden seine Kinderjahre, Brauchtum und Lebensgewohnheiten des Dorfes Elte in kleinen Reflektionen ihren ergänzenden Niederschlag. Seiner Herkunft aus Elte erinnert er sich und auch andere gerne. <br><br>Als bei der Verleihung des Staatspreises Nordrhein-Westfalen der Ministerpräsident Johannes Rau verwundert fragte: „Elte, wo liegt das eigentlich?“, habe er dem Rau das unmissverständlich beigebracht. Der Ministerpräsident wisse jetzt, wo Elte liege.</p>
</div><figure class="wp-block-media-text__media"><img loading="lazy" decoding="async" width="341" height="300" src="https://heimatverein-elte.de/wp-content/uploads/2025/10/staatspreis-8a6ab098.jpg" alt="Josef Pieper und NRW-Ministerpräsident Johannes Rau" class="wp-image-182 size-full" srcset="https://heimatverein-elte.de/wp-content/uploads/2025/10/staatspreis-8a6ab098.jpg 341w, https://heimatverein-elte.de/wp-content/uploads/2025/10/staatspreis-8a6ab098-300x264.jpg 300w" sizes="auto, (max-width: 341px) 100vw, 341px" /></figure></div>



<p>Bei der Verleihung des Staatspreises der Republik Österreich sollte auch eine kleine Applikation an das Revers des Geehrten geheftet&nbsp; werden. Das Knopfloch war aber zugenäht. Für einen Philosophen, der seit seiner Kindheit in Elte den Wert des Taschenmessers einzuschätzen wusste, war dies kein Problem. Er zückte sein Taschenmesser und mit ministrieller Hilfe wurde das Problem ad-hoc gelöst.<br><br>Während eines Interviews in der Fernsehsendung „Zeugen des Jahrhunderts“, in der Professor Pieper vorgestellt wurde, fragte man ihn, was ihn heute noch besonders an das Dorf Elte erinnere. Pieper sagte: „Es ist der Geruch des Dorfes. Gerade im Geruch des Dorfes sei der jahreszeitliche Wechsel intensiv festzustellen.<br><br>Heimat ist ihm kein ideologischer Begriff, sondern etwas Gewachsenes aus seinem Werdegang und dem intensiven Erleben des Menschen und der Landschaft. Er selber habe nur ein einziges Mal wirklich die Versuchung verspürt, Deutschland zu verlassen. Das war im Jahre 1950 kurz nach Ausbruch des Korea Krieges. Im Sommer 1950 war er mit dem Fahrrad unterwegs, den Rhein hinauf. An einem späten Samstagnachmittag habe er in Ingelheim auf einer Terrasse gesessen und den roten&nbsp; Wein getrunken, der dort wächst. Und während er so ruhig dasaß drang Glockengeläut über den Rhein herüber zu ihm. In diesem Augenblick habe er den Entschluss gefasst: dieses Land wirst du niemals verlassen! Noch am selben Abend habe er noch an eine amerikanische Universität geschrieben „Ich komme nicht!“. Aber er habe mit keiner Silbe über das Glockengeläut reden können, obwohl es für ihn, wenn nur ein Symbol, doch ein entscheidendes Argument war. Er wusste ja, dass in Amerika Glockengeläut weithin verboten ist.<br><br>Aber auch hier, in diesem Lande, hat es immer ein geheimes Motiv gegeben, von dem er nicht sprechen mochte oder konnte. „Es war mir nicht möglich, einen Garten zu verlassen, in dem ich selber Bäume gepflanzt habe, nicht nur Obstbäume, sondern auch einen Ginkgo-Baum, über dessen Blatt Goethe ein wunderbares Liebesgedicht gemacht hat.“<br>&nbsp;<br>„Der Baum ist übrigens ein Symbol, dass mir immer lieb gewesen ist. Ich bin ja keineswegs immer am gleichen Ort geblieben. Wie der Baum, weil er seine Wurzeln tief in das Erdreich hinuntertreibt, gerade deswegen auch weit ausladend seine Krone entfalten kann, so haben auch mich die Reisen in andere Länder und in andere Erdteile, &#8211; dessen bin ich sicher – nicht aus diesem Lande zu entwurzeln vermocht.“</p>



<h3 class="wp-block-heading">Ehrungen und Auszeichnungen</h3>



<ul class="wp-block-list">
<li>1981 Romao Guardini Preis</li>



<li>1982 Internationaler Balzan Preis</li>



<li>1987 Ingersoll Prize für wissenschaftliche Prosa</li>



<li>1987 Staatspreis des Landes NRW</li>



<li>1990 Verleihung der goldenen Stadtmedaille</li>



<li>1990 Verleihung Österreichischer Staatspreis</li>



<li>1994 Verleihung des Bundesverdienstkreuzes</li>



<li>1994 Ehrentafel Elte</li>



<li>1994 Glückwunsch Papst Johannes Paul II.</li>
</ul>

<p>Vom Philosophie-Dozenten zum hochgeehrten Professor und Publizisten Lehr- und Vortragstätigkeit Pieper hat es verstanden, Akademiker und Nichtakademiker für die Philosophie [&hellip;]</p>
