{"id":38,"date":"2025-10-24T13:56:41","date_gmt":"2025-10-24T11:56:41","guid":{"rendered":"https:\/\/heimatverein-elte.de\/?page_id=38"},"modified":"2025-10-28T11:52:41","modified_gmt":"2025-10-28T10:52:41","slug":"dorfheimathaus","status":"publish","type":"page","link":"https:\/\/heimatverein-elte.de\/?page_id=38","title":{"rendered":"Dorfheimathaus Elte"},"content":{"rendered":"\n<figure class=\"wp-block-image size-full\"><img loading=\"lazy\" decoding=\"async\" width=\"300\" height=\"64\" src=\"https:\/\/heimatverein-elte.de\/wp-content\/uploads\/2025\/10\/heimathaus_banner-a397082e.jpg\" alt=\"\" class=\"wp-image-37\"\/><\/figure>\n\n\n\n<p>Das Dorf-Heimathaus Elte ist ein ehemaliges Heuerhaus des Hofes Willer-E\u00dfmann in der Bauernschaft Heine. Vermutlich um die Mitte des 18. Jahrhunderts unter Verwendung von Alth\u00f6lzern als Heuerlingshaus erbaut, ist es das letzte noch erhaltene Heuerhaus unseres Dorfes.<br><br>Der Heimatverein Elte erwarb es im Jahr 1982 und setzte es in vierj\u00e4hriger Arbeit in den Originalzustand des 19. Jahrhunderts in die Mitte des Dorfes Elte um.<br><br>Mit neuer Lebendigkeit d\u00f6rflichen Gemeinschafts- und Kulturlebens erf\u00fcllt, soll es Vergangenheit, Gegenwart und Zukunft des Dorfes mitbestimmen.<\/p>\n\n\n\n<p><strong>Backspieker<\/strong><\/p>\n\n\n\n<p>Ein ehemaliger Backspieker des Hofes Lampe in der Bauernschaft Heine steht gleich neben dem Dorf-Heimathaus. Erbaut um 1850 wurde er 1984 durch den Heimatverein Elte erworben und in alter Form wieder aufgesetzt. Handwerklich ist es ein schlichtes, aber gut proportioniertes, ehemaliges b\u00e4uerliches Nutzgeb\u00e4ude im Originalzustand. Der Backspieker ist ein Denkmal des Dorfes Elte.<\/p>\n\n\n\n<p><strong>Anfahrt<\/strong><\/p>\n\n\n\n<p>Adresse: Zum Hermannsweg 15 (<strong>f\u00fcr das NAVI:<\/strong> Ludgerusring 39 = Dorfplatz), 48432 Rheine <strong>(Postanschrift siehe <a href=\"https:\/\/heimatverein-elte.de\/?page_id=138\" data-type=\"page\" data-id=\"138\">Impressum<\/a>!)<\/strong><\/p>\n\n\n\n<p>Das Heimathaus befindet sich in Sichtweite des Dorfplatzes, auf der anderen Seite der ehemaligen Bundesstra\u00dfe B475. Es ist das erste Geb\u00e4ude links, in der Stra\u00dfe &#8222;Zum Hermannsweg&#8220;. Zu Fu\u00df ben\u00f6tigen Sie ca. 3-5 Minuten.<br><br><strong>Anfahrt mit Pkw:<\/strong> Wenn Sie mit dem Pkw oder Reisebus ankommen, parken Sie am Besten auf dem Dorfplatz.<br><br><strong>Anfahrt mit Linienbus:<\/strong> Mit dem Linienbus <strong>C6<\/strong> fahren Sie von Mesum oder Rheine bis zur Haltestelle Elte &#8211; Dorfplatz.<\/p>\n","protected":false},"excerpt":{"rendered":"<p>Das Dorf-Heimathaus Elte ist ein ehemaliges Heuerhaus des Hofes Willer-E\u00dfmann in der Bauernschaft Heine. Vermutlich um die Mitte des 18. [&hellip;]<\/p>\n","protected":false},"author":1,"featured_media":0,"parent":0,"menu_order":0,"comment_status":"closed","ping_status":"closed","template":"","meta":{"site-sidebar-layout":"default","site-content-layout":"","ast-site-content-layout":"default","site-content-style":"default","site-sidebar-style":"default","ast-global-header-display":"","ast-banner-title-visibility":"","ast-main-header-display":"","ast-hfb-above-header-display":"","ast-hfb-below-header-display":"","ast-hfb-mobile-header-display":"","site-post-title":"","ast-breadcrumbs-content":"","ast-featured-img":"","footer-sml-layout":"","ast-disable-related-posts":"","theme-transparent-header-meta":"","adv-header-id-meta":"","stick-header-meta":"","header-above-stick-meta":"","header-main-stick-meta":"","header-below-stick-meta":"","astra-migrate-meta-layouts":"default","ast-page-background-enabled":"default","ast-page-background-meta":{"desktop":{"background-color":"var(--ast-global-color-5)","background-image":"","background-repeat":"repeat","background-position":"center center","background-size":"auto","background-attachment":"scroll","background-type":"","background-media":"","overlay-type":"","overlay-color":"","overlay-opacity":"","overlay-gradient":""},"tablet":{"background-color":"","background-image":"","background-repeat":"repeat","background-position":"center center","background-size":"auto","background-attachment":"scroll","background-type":"","background-media":"","overlay-type":"","overlay-color":"","overlay-opacity":"","overlay-gradient":""},"mobile":{"background-color":"","background-image":"","background-repeat":"repeat","background-position":"center center","background-size":"auto","background-attachment":"scroll","background-type":"","background-media":"","overlay-type":"","overlay-color":"","overlay-opacity":"","overlay-gradient":""}},"ast-content-background-meta":{"desktop":{"background-color":"var(--ast-global-color-4)","background-image":"","background-repeat":"repeat","background-position":"center center","background-size":"auto","background-attachment":"scroll","background-type":"","background-media":"","overlay-type":"","overlay-color":"","overlay-opacity":"","overlay-gradient":""},"tablet":{"background-color":"var(--ast-global-color-4)","background-image":"","background-repeat":"repeat","background-position":"center center","background-size":"auto","background-attachment":"scroll","background-type":"","background-media":"","overlay-type":"","overlay-color":"","overlay-opacity":"","overlay-gradient":""},"mobile":{"background-color":"var(--ast-global-color-4)","background-image":"","background-repeat":"repeat","background-position":"center center","background-size":"auto","background-attachment":"scroll","background-type":"","background-media":"","overlay-type":"","overlay-color":"","overlay-opacity":"","overlay-gradient":""}},"footnotes":""},"class_list":["post-38","page","type-page","status-publish","hentry"],"_links":{"self":[{"href":"https:\/\/heimatverein-elte.de\/index.php?rest_route=\/wp\/v2\/pages\/38","targetHints":{"allow":["GET"]}}],"collection":[{"href":"https:\/\/heimatverein-elte.de\/index.php?rest_route=\/wp\/v2\/pages"}],"about":[{"href":"https:\/\/heimatverein-elte.de\/index.php?rest_route=\/wp\/v2\/types\/page"}],"author":[{"embeddable":true,"href":"https:\/\/heimatverein-elte.de\/index.php?rest_route=\/wp\/v2\/users\/1"}],"replies":[{"embeddable":true,"href":"https:\/\/heimatverein-elte.de\/index.php?rest_route=%2Fwp%2Fv2%2Fcomments&post=38"}],"version-history":[{"count":4,"href":"https:\/\/heimatverein-elte.de\/index.php?rest_route=\/wp\/v2\/pages\/38\/revisions"}],"predecessor-version":[{"id":401,"href":"https:\/\/heimatverein-elte.de\/index.php?rest_route=\/wp\/v2\/pages\/38\/revisions\/401"}],"wp:attachment":[{"href":"https:\/\/heimatverein-elte.de\/index.php?rest_route=%2Fwp%2Fv2%2Fmedia&parent=38"}],"curies":[{"name":"wp","href":"https:\/\/api.w.org\/{rel}","templated":true}]}}