{"id":68,"date":"2025-10-24T14:32:48","date_gmt":"2025-10-24T12:32:48","guid":{"rendered":"https:\/\/heimatverein-elte.de\/?page_id=68"},"modified":"2025-10-28T13:24:32","modified_gmt":"2025-10-28T12:24:32","slug":"unser-bauerngarten","status":"publish","type":"page","link":"https:\/\/heimatverein-elte.de\/?page_id=68","title":{"rendered":"Unser Bauerngarten"},"content":{"rendered":"\n<div class=\"wp-block-media-text has-media-on-the-right is-stacked-on-mobile\"><div class=\"wp-block-media-text__content\">\n<p>Im Jahre 2007 \u00fcbernahm das Heimatvereinmitglied, Irmgard Wamelink, die Pflege des hinter dem Heimathaus in Elte gelegenen Bauerngarten. Mit tatkr\u00e4ftiger Unterst\u00fctzung weiterer Heimatvereinsmitglieder gelang ihr in vielen Stunden teils harter Arbeit die vollst\u00e4ndige Umgestaltung des Gartens. Doch dieser enorme Einsatz lohnte sich, denn wer sich in der heutigen Zeit entschlie\u00dft, einen urspr\u00fcnglichen Bauerngarten anzulegen, der tr\u00e4gt dazu bei, das im Laufe vieler Jahre entstandene bzw. erarbeitete Wissen um einen solchen Garten zu erhalten. Nicht zu untersch\u00e4tzen ist auch der Nutzen, denn man erschafft einen bunten Lebensraum f\u00fcr Pflanzen und Tiere, von dem nicht zuletzt der Genie\u00dfer frischer Kost profitiert. Hier kommt die gesunde Ernte noch ohne chemische Keule aus.<br><br>Seine idyllische \u201eWildnis&#8220;, Staketenzaun, symetrisch angeordnete Buchsbaumhecken und ein Wegekreuz machen unseren Bauerngarten auch ein St\u00fcck weit zu einem Symbol einer fast vergessenen Zeit. Demzufolge ist unser Garten eine Inszenierung f\u00fcr p\u00e4dagogische Zwecke, dessen Anlage und Pflege entspechendes Wissen und wie gesagt, gro\u00dfen Aufwand verlangen. Sicher ist das ein Grund daf\u00fcr, dass sich der Bauerngarten in dieser Form im Bereich der Privatg\u00e4rten nicht so recht durchsetzen konnte, obwohl sich ab und an moderne und bisweilen romantisierende Abwandlungen finden.<br><br>Vor 1900 entsprechen die Bauerng\u00e4rten nicht ganz dem Bild, das uns heute vermittelt wird. Oft reichten landwirtschaftliche Ackerfl\u00e4chen bis dicht ans Haus heran, oft mit eingestreuten Obstb\u00e4umen und mit Platz f\u00fcr das h\u00e4usliche Vieh. Diese G\u00e4rten dieten zum Gartenbau f\u00fcr den Eigenbedarf oder als kleine Nebeneinkunft.<\/p>\n<\/div><figure class=\"wp-block-media-text__media\"><img loading=\"lazy\" decoding=\"async\" width=\"231\" height=\"298\" src=\"https:\/\/heimatverein-elte.de\/wp-content\/uploads\/2025\/10\/2008_Heimathausgarten_006.jpg\" alt=\"Gelbe Bl\u00fctenpracht\" class=\"wp-image-467 size-full\"\/><\/figure><\/div>\n","protected":false},"excerpt":{"rendered":"<p>Im Jahre 2007 \u00fcbernahm das Heimatvereinmitglied, Irmgard Wamelink, die Pflege des hinter dem Heimathaus in Elte gelegenen Bauerngarten. Mit tatkr\u00e4ftiger [&hellip;]<\/p>\n","protected":false},"author":1,"featured_media":0,"parent":0,"menu_order":0,"comment_status":"closed","ping_status":"closed","template":"","meta":{"site-sidebar-layout":"default","site-content-layout":"","ast-site-content-layout":"default","site-content-style":"default","site-sidebar-style":"default","ast-global-header-display":"","ast-banner-title-visibility":"","ast-main-header-display":"","ast-hfb-above-header-display":"","ast-hfb-below-header-display":"","ast-hfb-mobile-header-display":"","site-post-title":"","ast-breadcrumbs-content":"","ast-featured-img":"","footer-sml-layout":"","ast-disable-related-posts":"","theme-transparent-header-meta":"","adv-header-id-meta":"","stick-header-meta":"","header-above-stick-meta":"","header-main-stick-meta":"","header-below-stick-meta":"","astra-migrate-meta-layouts":"default","ast-page-background-enabled":"default","ast-page-background-meta":{"desktop":{"background-color":"var(--ast-global-color-5)","background-image":"","background-repeat":"repeat","background-position":"center center","background-size":"auto","background-attachment":"scroll","background-type":"","background-media":"","overlay-type":"","overlay-color":"","overlay-opacity":"","overlay-gradient":""},"tablet":{"background-color":"","background-image":"","background-repeat":"repeat","background-position":"center center","background-size":"auto","background-attachment":"scroll","background-type":"","background-media":"","overlay-type":"","overlay-color":"","overlay-opacity":"","overlay-gradient":""},"mobile":{"background-color":"","background-image":"","background-repeat":"repeat","background-position":"center center","background-size":"auto","background-attachment":"scroll","background-type":"","background-media":"","overlay-type":"","overlay-color":"","overlay-opacity":"","overlay-gradient":""}},"ast-content-background-meta":{"desktop":{"background-color":"var(--ast-global-color-4)","background-image":"","background-repeat":"repeat","background-position":"center center","background-size":"auto","background-attachment":"scroll","background-type":"","background-media":"","overlay-type":"","overlay-color":"","overlay-opacity":"","overlay-gradient":""},"tablet":{"background-color":"var(--ast-global-color-4)","background-image":"","background-repeat":"repeat","background-position":"center center","background-size":"auto","background-attachment":"scroll","background-type":"","background-media":"","overlay-type":"","overlay-color":"","overlay-opacity":"","overlay-gradient":""},"mobile":{"background-color":"var(--ast-global-color-4)","background-image":"","background-repeat":"repeat","background-position":"center center","background-size":"auto","background-attachment":"scroll","background-type":"","background-media":"","overlay-type":"","overlay-color":"","overlay-opacity":"","overlay-gradient":""}},"footnotes":""},"class_list":["post-68","page","type-page","status-publish","hentry"],"_links":{"self":[{"href":"https:\/\/heimatverein-elte.de\/index.php?rest_route=\/wp\/v2\/pages\/68","targetHints":{"allow":["GET"]}}],"collection":[{"href":"https:\/\/heimatverein-elte.de\/index.php?rest_route=\/wp\/v2\/pages"}],"about":[{"href":"https:\/\/heimatverein-elte.de\/index.php?rest_route=\/wp\/v2\/types\/page"}],"author":[{"embeddable":true,"href":"https:\/\/heimatverein-elte.de\/index.php?rest_route=\/wp\/v2\/users\/1"}],"replies":[{"embeddable":true,"href":"https:\/\/heimatverein-elte.de\/index.php?rest_route=%2Fwp%2Fv2%2Fcomments&post=68"}],"version-history":[{"count":2,"href":"https:\/\/heimatverein-elte.de\/index.php?rest_route=\/wp\/v2\/pages\/68\/revisions"}],"predecessor-version":[{"id":490,"href":"https:\/\/heimatverein-elte.de\/index.php?rest_route=\/wp\/v2\/pages\/68\/revisions\/490"}],"wp:attachment":[{"href":"https:\/\/heimatverein-elte.de\/index.php?rest_route=%2Fwp%2Fv2%2Fmedia&parent=68"}],"curies":[{"name":"wp","href":"https:\/\/api.w.org\/{rel}","templated":true}]}}

<div class="wp-block-media-text has-media-on-the-right is-stacked-on-mobile"><div class="wp-block-media-text__content">
<p>Im Jahre 2007 übernahm das Heimatvereinmitglied, Irmgard Wamelink, die Pflege des hinter dem Heimathaus in Elte gelegenen Bauerngarten. Mit tatkräftiger Unterstützung weiterer Heimatvereinsmitglieder gelang ihr in vielen Stunden teils harter Arbeit die vollständige Umgestaltung des Gartens. Doch dieser enorme Einsatz lohnte sich, denn wer sich in der heutigen Zeit entschließt, einen ursprünglichen Bauerngarten anzulegen, der trägt dazu bei, das im Laufe vieler Jahre entstandene bzw. erarbeitete Wissen um einen solchen Garten zu erhalten. Nicht zu unterschätzen ist auch der Nutzen, denn man erschafft einen bunten Lebensraum für Pflanzen und Tiere, von dem nicht zuletzt der Genießer frischer Kost profitiert. Hier kommt die gesunde Ernte noch ohne chemische Keule aus.<br><br>Seine idyllische „Wildnis&#8220;, Staketenzaun, symetrisch angeordnete Buchsbaumhecken und ein Wegekreuz machen unseren Bauerngarten auch ein Stück weit zu einem Symbol einer fast vergessenen Zeit. Demzufolge ist unser Garten eine Inszenierung für pädagogische Zwecke, dessen Anlage und Pflege entspechendes Wissen und wie gesagt, großen Aufwand verlangen. Sicher ist das ein Grund dafür, dass sich der Bauerngarten in dieser Form im Bereich der Privatgärten nicht so recht durchsetzen konnte, obwohl sich ab und an moderne und bisweilen romantisierende Abwandlungen finden.<br><br>Vor 1900 entsprechen die Bauerngärten nicht ganz dem Bild, das uns heute vermittelt wird. Oft reichten landwirtschaftliche Ackerflächen bis dicht ans Haus heran, oft mit eingestreuten Obstbäumen und mit Platz für das häusliche Vieh. Diese Gärten dieten zum Gartenbau für den Eigenbedarf oder als kleine Nebeneinkunft.</p>
</div><figure class="wp-block-media-text__media"><img loading="lazy" decoding="async" width="231" height="298" src="https://heimatverein-elte.de/wp-content/uploads/2025/10/2008_Heimathausgarten_006.jpg" alt="Gelbe Blütenpracht" class="wp-image-467 size-full"/></figure></div>

<p>Im Jahre 2007 übernahm das Heimatvereinmitglied, Irmgard Wamelink, die Pflege des hinter dem Heimathaus in Elte gelegenen Bauerngarten. Mit tatkräftiger [&hellip;]</p>
