{"id":95,"date":"2025-10-24T14:37:10","date_gmt":"2025-10-24T12:37:10","guid":{"rendered":"https:\/\/heimatverein-elte.de\/?page_id=95"},"modified":"2025-10-28T12:25:09","modified_gmt":"2025-10-28T11:25:09","slug":"bienensegen","status":"publish","type":"page","link":"https:\/\/heimatverein-elte.de\/?page_id=95","title":{"rendered":"Bienensegen"},"content":{"rendered":"\n<p>Bienen waren wegen ihrer Honigproduktion seit jeher wertvolle und gesch\u00e4tzte Tiere. Kein Wunder, dass man sich sehr darum bem\u00fcht hat, ihren Fortbestand zu sichern, und so haben sich unsere Vorfahren sogar Beschw\u00f6rungsformeln oder Segensspr\u00fcche ausgedacht, um die Bienen am Haus zu halten oder Schw\u00e4rmer zum Niedersitzen zu bewegen.<\/p>\n\n\n\n<p><strong>Lorscher Bienensegen, 10. Jahrhundert:<\/strong><br><br><em>Kirst, imbi ist h\u00fbcze<\/em><br><em>N\u00fb fluic d\u00fb, vihu m\u00eenaz, hera<\/em><br><em>Fridu fr\u00f4no in godes munt<\/em><br><em>Heim zi comonne gisunt<\/em><br><em>Sizi, sizi, b\u00eena<\/em><br><em>Inb\u00f4t dir sancte Maria<\/em><br><em>Hurolob ni habe d\u00fb<\/em><br><em>Zi holce ni fl\u00fbc d\u00fb<\/em><br><em>Noh d\u00fb mir nindrinn\u00eas<\/em><br><em>Noh d\u00fb mir nintuuinn\u00east<\/em><br><em>Sizi vilu stillo<\/em><br><em>Uuirki godes uuillon<\/em><\/p>\n\n\n\n<p><strong>\u00dcbertragung:<\/strong><\/p>\n\n\n\n<p>Krist, die Imme ist herau\u00dfen!<br><br>Nun flieg her, mein Tier!<br>Im Frieden des Herrn, im Schutze Gottes<br><br>komm gesund heim!<br>Sitze, sitze, Biene!<br><br>Das gebot dir Sankta Maria.<br>Urlaub nicht hast du,<br><br>zum Wald nicht flieg&#8216; du!<br>Du sollst mir nicht entrinnen<br><br>noch entwischen!<br>Sitze recht stille!<br>Wirke Gottes Wille.<\/p>\n\n\n\n<p><strong><br>Anmerkung:<\/strong><br>Die altdeutsche Handschrift befindet sich im Vatikan in Rom. In alten lateinischen Bienensegen hei\u00dfen die Bienen &#8222;M\u00e4gde Gottes, die ihr f\u00fcr das Wachs wirket zum Dienste Gottes&#8220;. &#8222;Gottes Willen&#8220; ist also eine Umschreibung f\u00fcr &#8222;Wachs&#8220;.<br><br><em>Es gibt auch einen Bienensegen, da\u00df Josef als Fr\u00fchlingsheiliger den Bienen ihren Flug wieder m\u00f6glich mache<\/em>:<br><br><em>&#8222;Josef klar,<\/em><br><em>Gibt ein gutes Honigjahr.&#8220;<\/em><br><em>&#8222;Ist&#8217;s am Josephitag sch\u00f6n<\/em><br><em>Wird ein gutes Jahr man sehn.&#8220;<\/em><br><br><em>Quelle: Heilige im S\u00fcdtiroler Volksleben, Hans Matscher, Brixen 1961, S. 17ff<\/em><\/p>\n","protected":false},"excerpt":{"rendered":"<p>Bienen waren wegen ihrer Honigproduktion seit jeher wertvolle und gesch\u00e4tzte Tiere. Kein Wunder, dass man sich sehr darum bem\u00fcht hat, [&hellip;]<\/p>\n","protected":false},"author":1,"featured_media":0,"parent":0,"menu_order":0,"comment_status":"closed","ping_status":"closed","template":"","meta":{"site-sidebar-layout":"default","site-content-layout":"","ast-site-content-layout":"default","site-content-style":"default","site-sidebar-style":"default","ast-global-header-display":"","ast-banner-title-visibility":"","ast-main-header-display":"","ast-hfb-above-header-display":"","ast-hfb-below-header-display":"","ast-hfb-mobile-header-display":"","site-post-title":"","ast-breadcrumbs-content":"","ast-featured-img":"","footer-sml-layout":"","ast-disable-related-posts":"","theme-transparent-header-meta":"","adv-header-id-meta":"","stick-header-meta":"","header-above-stick-meta":"","header-main-stick-meta":"","header-below-stick-meta":"","astra-migrate-meta-layouts":"default","ast-page-background-enabled":"default","ast-page-background-meta":{"desktop":{"background-color":"var(--ast-global-color-5)","background-image":"","background-repeat":"repeat","background-position":"center center","background-size":"auto","background-attachment":"scroll","background-type":"","background-media":"","overlay-type":"","overlay-color":"","overlay-opacity":"","overlay-gradient":""},"tablet":{"background-color":"","background-image":"","background-repeat":"repeat","background-position":"center center","background-size":"auto","background-attachment":"scroll","background-type":"","background-media":"","overlay-type":"","overlay-color":"","overlay-opacity":"","overlay-gradient":""},"mobile":{"background-color":"","background-image":"","background-repeat":"repeat","background-position":"center center","background-size":"auto","background-attachment":"scroll","background-type":"","background-media":"","overlay-type":"","overlay-color":"","overlay-opacity":"","overlay-gradient":""}},"ast-content-background-meta":{"desktop":{"background-color":"var(--ast-global-color-4)","background-image":"","background-repeat":"repeat","background-position":"center center","background-size":"auto","background-attachment":"scroll","background-type":"","background-media":"","overlay-type":"","overlay-color":"","overlay-opacity":"","overlay-gradient":""},"tablet":{"background-color":"var(--ast-global-color-4)","background-image":"","background-repeat":"repeat","background-position":"center center","background-size":"auto","background-attachment":"scroll","background-type":"","background-media":"","overlay-type":"","overlay-color":"","overlay-opacity":"","overlay-gradient":""},"mobile":{"background-color":"var(--ast-global-color-4)","background-image":"","background-repeat":"repeat","background-position":"center center","background-size":"auto","background-attachment":"scroll","background-type":"","background-media":"","overlay-type":"","overlay-color":"","overlay-opacity":"","overlay-gradient":""}},"footnotes":""},"class_list":["post-95","page","type-page","status-publish","hentry"],"_links":{"self":[{"href":"https:\/\/heimatverein-elte.de\/index.php?rest_route=\/wp\/v2\/pages\/95","targetHints":{"allow":["GET"]}}],"collection":[{"href":"https:\/\/heimatverein-elte.de\/index.php?rest_route=\/wp\/v2\/pages"}],"about":[{"href":"https:\/\/heimatverein-elte.de\/index.php?rest_route=\/wp\/v2\/types\/page"}],"author":[{"embeddable":true,"href":"https:\/\/heimatverein-elte.de\/index.php?rest_route=\/wp\/v2\/users\/1"}],"replies":[{"embeddable":true,"href":"https:\/\/heimatverein-elte.de\/index.php?rest_route=%2Fwp%2Fv2%2Fcomments&post=95"}],"version-history":[{"count":3,"href":"https:\/\/heimatverein-elte.de\/index.php?rest_route=\/wp\/v2\/pages\/95\/revisions"}],"predecessor-version":[{"id":435,"href":"https:\/\/heimatverein-elte.de\/index.php?rest_route=\/wp\/v2\/pages\/95\/revisions\/435"}],"wp:attachment":[{"href":"https:\/\/heimatverein-elte.de\/index.php?rest_route=%2Fwp%2Fv2%2Fmedia&parent=95"}],"curies":[{"name":"wp","href":"https:\/\/api.w.org\/{rel}","templated":true}]}}